e
Is 327953 prime?
True
Is 187747957 a prime number?
False
Is 15044149 a composite number?
False
Is 20645399 a prime number?
True
Is 7188733 prime?
True
Is 859493 prime?
True
Is 51523091 prime?
True
Is 9509947 a composite number?
False
Is 80310047 prime?
True
Is 77375249 a composite number?
True
Is 44755837 a composite number?
True
Is 353035 a prime number?
False
Is 196919 composite?
False
Is 137119373 a composite number?
True
Is 37251169 composite?
False
Is 6543443 composite?
False
Is 69986827 composite?
True
Is 2294647 prime?
False
Is 35673707 prime?
False
Is 302839469 a composite number?
True
Is 77191459 a prime number?
True
Is 240301333 composite?
True
Is 11128207 a composite number?
False
Is 980801 a composite number?
False
Is 10879573 prime?
True
Is 241907 prime?
True
Is 197181813 prime?
False
Is 21123595 a composite number?
True
Is 43306841 a composite number?
False
Is 159353459 composite?
False
Is 8539591 prime?
True
Is 23481817 composite?
True
Is 248628841 a composite number?
True
Is 525043 a prime number?
True
Is 14827883 a prime number?
False
Is 14126179 prime?
False
Is 78785141 a prime number?
False
Is 1414027 prime?
True
Is 16247839 prime?
False
Is 110552815 a prime number?
False
Is 91662871 a prime number?
True
Is 1413433 composite?
True
Is 1818293 a prime number?
True
Is 1271339 a composite number?
False
Is 47804353 a composite number?
False
Is 4175095 composite?
True
Is 159375494 a composite number?
True
Is 34736153 prime?
True
Is 528559 composite?
False
Is 223046009 composite?
True
Is 716087 composite?
False
Is 35426695 composite?
True
Is 26281357 prime?
True
Is 1811347 composite?
False
Is 111213373 a prime number?
True
Is 88727161 a prime number?
False
Is 738539 a prime number?
True
Is 447729233 a composite number?
True
Is 1451143 prime?
True
Is 3475141 composite?
False
Is 32798497 a prime number?
True
Is 3260627 a composite number?
True
Is 5831809 prime?
False
Is 6352529 a composite number?
True
Is 317101929 a prime number?
False
Is 12629653 a composite number?
True
Is 3824819 a prime number?
False
Is 13498435 a prime number?
False
Is 166693 composite?
False
Is 427163 a prime number?
False
Is 10856453 composite?
False
Is 11666419 a composite number?
False
Is 181440971 a prime number?
True
Is 230605131 composite?
True
Is 12303953 a prime number?
True
Is 225096499 composite?
True
Is 7669163 prime?
True
Is 4760837 composite?
True
Is 43753271 composite?
False
Is 2756249 a composite number?
False
Is 44835203 a prime number?
False
Is 5485057 a composite number?
False
Is 7388519 composite?
False
Is 7187 composite?
False
Is 293311781 prime?
False
Is 40734497 a prime number?
False
Is 5274397 prime?
True
Is 59762987 composite?
True
Is 717629 composite?
True
Is 2834839 a prime number?
False
Is 4779161 a composite number?
True
Is 15636455 a prime number?
False
Is 11702749 a prime number?
False
Is 7378003 prime?
False
Is 1176643 composite?
True
Is 166966885 composite?
True
Is 10707251 a composite number?
True
Is 207458651 a prime number?
True
Is 31347749 a prime number?
False
Is 10847633 a composite number?
False
Is 91736153 prime?
True
Is 37005253 prime?
True
Is 682313 a composite number?
True
Is 57035579 prime?
False
Is 44753701 composite?
False
Is 10487089 a composite number?
False
Is 5509379 a composite number?
False
Is 32416619 composite?
False
Is 13620697 prime?
True
Is 189409985 composite?
True
Is 4524995 composite?
True
Is 6303811 composite?
True
Is 19769177 composite?
True
Is 27940853 a composite number?
False
Is 6709363 a prime number?
False
Is 146507927 prime?
False
Is 5221829 a prime number?
True
Is 360421 a composite number?
False
Is 3854063 a composite number?
False
Is 5662561 a composite number?
False
Is 9484733 composite?
False
Is 3702817 a prime number?
True
Is 115257179 a prime number?
False
Is 44853911 composite?
False
Is 42436687 a prime number?
True
Is 85297549 a composite number?
False
Is 2206111 composite?
True
Is 305396753 prime?
True
Is 6396631 prime?
True
Is 1806113 prime?
True
Is 3541913 a prime number?
False
Is 1367047 a prime number?
False
Is 66553 composite?
False
Is 4905799 a composite number?
False
Is 30311041 a prime number?
True
Is 10400471 a prime number?
False
Is 44993071 a prime number?
True
Is 62672837 a composite number?
False
Is 19254559 prime?
False
Is 125762811 a prime number?
False
Is 3684641 prime?
True
Is 10286879 prime?
False
Is 40313389 composite?
True
Is 191097169 a composite number?
True
Is 6119543 prime?
True
Is 464600281 prime?
True
Is 1051807 a prime number?
False
Is 29603677 a composite number?
False
Is 774173 a composite number?
False
Is 14233153 a prime number?
False
Is 1798769 prime?
False
Is 255328837 a prime number?
True
Is 180971131 composite?
True
Is 939737 a composite number?
False
Is 569386943 composite?
False
Is 4709 prime?
False
Is 15373139 a prime number?
False
Is 144447119 composite?
False
Is 3243043 a composite number?
False
Is 2027629 composite?
False
Is 458657 composite?
True
Is 17067119 a composite number?
False
Is 4421379 prime?
False
Is 104497177 a prime number?
True
Is 467358887 prime?
True
Is 4451153 a prime number?
False
Is 1711309 composite?
True
Is 39101471 prime?
False
Is 4903453 a composite number?
False
Is 7669909 a composite number?
True
Is 103693927 prime?
True
Is 2816867 a composite number?
True
Is 813799607 a composite number?
False
Is 732287 prime?
True
Is 18207799 a composite number?
True
Is 128490409 a prime number?
True
Is 10396543 a prime number?
True
Is 3388246 a prime number?
False
Is 7732783 prime?
False
Is 84176999 a prime number?
True
Is 926249 prime?
False
Is 80206099 a prime number?
False
Is 198005503 composite?
False
Is 189611117 prime?
False
Is 6826739 composite?
False
Is 15770231 a composite number?
False
Is 568415 prime?
False
Is 42633257 prime?
True
Is 52033963 a prime number?
True
Is 64117087 a prime number?
False
Is 86884139 a composite number?
True
Is 52388267 composite?
False
Is 1910347 composite?
True
Is 1184861 composite?
True
Is 7111399 composite?
False
Is 7178629 prime?
False
Is 308901 prime?
False
Is 6083243 composite?
True
Is 59814979 a prime number?
False
Is 203001971 prime?
True
Is 20960669 composite?
False
Is 10088087 a composite number?
True
Is 7463651 a prime number?
False
Is 58333169 a prime number?
True
Is 532576157 a prime number?
False
Is 9251639 composite?
True
Is 133069 prime?
True
Is 55756403 a prime number?
True
Is 392569 composite?
False
Is 118902047 prime?
False
Is 1821197 prime?
False
Is 8793877 composite?
True
Is 3882001 prime?
False
Is 45657371 prime?
False
Is 1113727 prime?
False
Is 2579081 a prime number?
True
Is 55197523 prime?
False
Is 9848987 a composite number?
False
Is 11644769 a composite number?
False
Is 43065443 a prime number?
True
Is 18158461 a composite number?
True
Is 26183381 a prime number?
False
Is 8022097 prime?
True
Is 9768613 prime?
False
Is 11834903 a composite number?
True
Is 33373321 prime?
True
Is 5547953 prime?
True
Is 1196447 a prime number?
False
Is 865723 prime?
False
Is 105998803 prime?
False
Is 265229213 a prime number?
False
Is 10460581 composite?
True
Is 198522815 a prime number?
False
Is 8350583 a composite number?
False
Is 28558507 composite?
False
Is 627147713 a prime number?
True
Is 197424239 composite?
True
Is 164818037 composite?
False
Is 9376957 prime?
True
Is 294203471 composite?
False
Is 34333333 prime?
True
Is 60677723 a prime number?
False
Is 1381067 a prime number?
False
Is 496621657 prime?
False
Is 46314185 prime?
False
Is 1658611 a prime number?
True
Is 917777143 a prime number?
False
Is 33676121 prime?
False
Is 118084814 a composite number?
True
Is 25091345 a composite number?
True
Is 86924759 a composite number?
True
Is 98405831 a prime number?
True
Is 776551 composite?
False
Is 23082469 composite?
False
Is 1071739 a composite number?
False
Is 55313215 composite?
True
Is 8932289 a composite number?
False
Is 344576933 a composite number?
True
Is 50952259 prime?
True
Is 251783641 a prime number?
True
Is 634643 prime?
True
Is 68198869 a composite number?
False
Is 1164993617 a prime number?
False
Is 13541651 a prime number?
True
Is 7568161 a prime number?
True
Is 3260743 a composite number?
True
Is 110627357 a composite number?
False
Is 29243651 composite?
True
I